{"id":360,"date":"2024-01-08T21:49:41","date_gmt":"2024-01-09T00:49:41","guid":{"rendered":"http:\/\/cmsystemarq.com.br\/?page_id=360"},"modified":"2024-01-08T22:07:49","modified_gmt":"2024-01-09T01:07:49","slug":"cameras-de-seguranca","status":"publish","type":"page","link":"https:\/\/cmsystemarq.com.br\/?page_id=360","title":{"rendered":"C\u00e2meras de Seguran\u00e7a"},"content":{"rendered":"\n<p>Conhecido como <strong>CFTV(Circuito Fechado de TV)<\/strong>&nbsp;, \u00e9 um sistema de visualiza\u00e7\u00e3o e grava\u00e7\u00e3o de imagens que lhe permite visualizar em televis\u00e3o\/monitor e at\u00e9 mesmo em seu celular. Tecnologia excelente para vigiar seu im\u00f3vel .<\/p>\n\n\n\n<p class=\"has-x-large-font-size\"><strong>Como funciona a grava\u00e7\u00e3o:<\/strong><\/p>\n\n\n\n<p>Em um sistema cabeado,\u00e9 feito armazenamento em um Disco R\u00edgido ( HD ) , o tempo de armazenamento vai de acordo com o tamanho instalado  no local.<\/p>\n\n\n\n<p>Em sistema de c\u00e2meras WIFI, \u00e9 poss\u00edvel fazer integra\u00e7\u00e3o junto ao DVR ou at\u00e9 mesmo armazenamento em Nuvem ou Cart\u00e3o SD.<\/p>\n\n\n\n<p>Algumas c\u00e2meras possui tecnologia de captura de \u00e1udio,onde \u00e9  poss\u00edvel assistir ao vivo com \u00e1udio e assistir grava\u00e7\u00f5es com  \u00e1udio.<\/p>\n\n\n\n<figure data-wp-context=\"{&quot;uploadedSrc&quot;:&quot;https:\\\/\\\/cmsystemarq.com.br\\\/wp-content\\\/uploads\\\/2024\\\/01\\\/415026570_331652776442791_2662803127944921378_n.jpg&quot;,&quot;figureClassNames&quot;:&quot;wp-block-image size-large is-resized&quot;,&quot;figureStyles&quot;:null,&quot;imgClassNames&quot;:&quot;wp-image-382&quot;,&quot;imgStyles&quot;:&quot;width:516px;height:auto&quot;,&quot;targetWidth&quot;:1440,&quot;targetHeight&quot;:1440,&quot;scaleAttr&quot;:false,&quot;ariaLabel&quot;:&quot;Aumentar imagem&quot;,&quot;alt&quot;:&quot;&quot;}\" data-wp-interactive=\"core\/image\" class=\"wp-block-image size-large is-resized wp-lightbox-container\"><img loading=\"lazy\" decoding=\"async\" width=\"1024\" height=\"1024\" data-wp-init=\"callbacks.setButtonStyles\" data-wp-on--click=\"actions.showLightbox\" data-wp-on--load=\"callbacks.setButtonStyles\" data-wp-on-window--resize=\"callbacks.setButtonStyles\" src=\"https:\/\/cmsystemarq.com.br\/wp-content\/uploads\/2024\/01\/415026570_331652776442791_2662803127944921378_n-1024x1024.jpg\" alt=\"\" class=\"wp-image-382\" style=\"width:516px;height:auto\" srcset=\"https:\/\/cmsystemarq.com.br\/wp-content\/uploads\/2024\/01\/415026570_331652776442791_2662803127944921378_n-1024x1024.jpg 1024w, https:\/\/cmsystemarq.com.br\/wp-content\/uploads\/2024\/01\/415026570_331652776442791_2662803127944921378_n-300x300.jpg 300w, https:\/\/cmsystemarq.com.br\/wp-content\/uploads\/2024\/01\/415026570_331652776442791_2662803127944921378_n-150x150.jpg 150w, https:\/\/cmsystemarq.com.br\/wp-content\/uploads\/2024\/01\/415026570_331652776442791_2662803127944921378_n-768x768.jpg 768w, https:\/\/cmsystemarq.com.br\/wp-content\/uploads\/2024\/01\/415026570_331652776442791_2662803127944921378_n.jpg 1440w\" sizes=\"(max-width: 1024px) 100vw, 1024px\" \/><button\n\t\t\tclass=\"lightbox-trigger\"\n\t\t\ttype=\"button\"\n\t\t\taria-haspopup=\"dialog\"\n\t\t\taria-label=\"Aumentar imagem\"\n\t\t\tdata-wp-init=\"callbacks.initTriggerButton\"\n\t\t\tdata-wp-on--click=\"actions.showLightbox\"\n\t\t\tdata-wp-style--right=\"context.imageButtonRight\"\n\t\t\tdata-wp-style--top=\"context.imageButtonTop\"\n\t\t>\n\t\t\t<svg xmlns=\"http:\/\/www.w3.org\/2000\/svg\" width=\"12\" height=\"12\" fill=\"none\" viewBox=\"0 0 12 12\">\n\t\t\t\t<path fill=\"#fff\" d=\"M2 0a2 2 0 0 0-2 2v2h1.5V2a.5.5 0 0 1 .5-.5h2V0H2Zm2 10.5H2a.5.5 0 0 1-.5-.5V8H0v2a2 2 0 0 0 2 2h2v-1.5ZM8 12v-1.5h2a.5.5 0 0 0 .5-.5V8H12v2a2 2 0 0 1-2 2H8Zm2-12a2 2 0 0 1 2 2v2h-1.5V2a.5.5 0 0 0-.5-.5H8V0h2Z\" \/>\n\t\t\t<\/svg>\n\t\t<\/button><\/figure>\n","protected":false},"excerpt":{"rendered":"<p>Conhecido como CFTV(Circuito Fechado de TV)&nbsp;, \u00e9 um sistema de visualiza\u00e7\u00e3o e grava\u00e7\u00e3o de imagens que lhe permite visualizar em &#8230; <\/p>\n<p class=\"more-link-container mt-4 mb-2\"><a title=\"C\u00e2meras de Seguran\u00e7a\" class=\"more-link btn btn-primary\" href=\"https:\/\/cmsystemarq.com.br\/?page_id=360#more-360\">Read More<span class=\"screen-reader-text\">C\u00e2meras de Seguran\u00e7a<\/span> <i class=\"fa fa-angle-right\"><\/i><\/a><\/p>\n","protected":false},"author":1,"featured_media":0,"parent":0,"menu_order":0,"comment_status":"closed","ping_status":"closed","template":"","meta":{"footnotes":""},"_links":{"self":[{"href":"https:\/\/cmsystemarq.com.br\/index.php?rest_route=\/wp\/v2\/pages\/360"}],"collection":[{"href":"https:\/\/cmsystemarq.com.br\/index.php?rest_route=\/wp\/v2\/pages"}],"about":[{"href":"https:\/\/cmsystemarq.com.br\/index.php?rest_route=\/wp\/v2\/types\/page"}],"author":[{"embeddable":true,"href":"https:\/\/cmsystemarq.com.br\/index.php?rest_route=\/wp\/v2\/users\/1"}],"replies":[{"embeddable":true,"href":"https:\/\/cmsystemarq.com.br\/index.php?rest_route=%2Fwp%2Fv2%2Fcomments&post=360"}],"version-history":[{"count":3,"href":"https:\/\/cmsystemarq.com.br\/index.php?rest_route=\/wp\/v2\/pages\/360\/revisions"}],"predecessor-version":[{"id":383,"href":"https:\/\/cmsystemarq.com.br\/index.php?rest_route=\/wp\/v2\/pages\/360\/revisions\/383"}],"wp:attachment":[{"href":"https:\/\/cmsystemarq.com.br\/index.php?rest_route=%2Fwp%2Fv2%2Fmedia&parent=360"}],"curies":[{"name":"wp","href":"https:\/\/api.w.org\/{rel}","templated":true}]}}