{"id":366,"date":"2024-01-08T21:50:28","date_gmt":"2024-01-09T00:50:28","guid":{"rendered":"http:\/\/cmsystemarq.com.br\/?page_id=366"},"modified":"2024-01-11T19:00:20","modified_gmt":"2024-01-11T22:00:20","slug":"interfone","status":"publish","type":"page","link":"https:\/\/cmsystemarq.com.br\/?page_id=366","title":{"rendered":"Interfone"},"content":{"rendered":"\n<p>Interfone \u00e9 de extrema seguran\u00e7a para atender pessoas que est\u00e3o na \u00e1rea externa da sua resid\u00eancia, assim evitando contato antes de saber quem \u00e9.<\/p>\n\n\n\n<figure class=\"wp-block-image size-large\"><img loading=\"lazy\" decoding=\"async\" width=\"1024\" height=\"1024\" src=\"https:\/\/cmsystemarq.com.br\/wp-content\/uploads\/2024\/01\/Intefoone-1024x1024.jpg\" alt=\"\" class=\"wp-image-442\" srcset=\"https:\/\/cmsystemarq.com.br\/wp-content\/uploads\/2024\/01\/Intefoone-1024x1024.jpg 1024w, https:\/\/cmsystemarq.com.br\/wp-content\/uploads\/2024\/01\/Intefoone-300x300.jpg 300w, https:\/\/cmsystemarq.com.br\/wp-content\/uploads\/2024\/01\/Intefoone-150x150.jpg 150w, https:\/\/cmsystemarq.com.br\/wp-content\/uploads\/2024\/01\/Intefoone-768x768.jpg 768w, https:\/\/cmsystemarq.com.br\/wp-content\/uploads\/2024\/01\/Intefoone.jpg 1440w\" sizes=\"(max-width: 1024px) 100vw, 1024px\" \/><\/figure>\n","protected":false},"excerpt":{"rendered":"<p>Interfone \u00e9 de extrema seguran\u00e7a para atender pessoas que est\u00e3o na \u00e1rea externa da sua resid\u00eancia, assim evitando contato antes &#8230; <\/p>\n<p class=\"more-link-container mt-4 mb-2\"><a title=\"Interfone\" class=\"more-link btn btn-primary\" href=\"https:\/\/cmsystemarq.com.br\/?page_id=366#more-366\">Read More<span class=\"screen-reader-text\">Interfone<\/span> <i class=\"fa fa-angle-right\"><\/i><\/a><\/p>\n","protected":false},"author":1,"featured_media":0,"parent":0,"menu_order":0,"comment_status":"closed","ping_status":"closed","template":"","meta":{"footnotes":""},"_links":{"self":[{"href":"https:\/\/cmsystemarq.com.br\/index.php?rest_route=\/wp\/v2\/pages\/366"}],"collection":[{"href":"https:\/\/cmsystemarq.com.br\/index.php?rest_route=\/wp\/v2\/pages"}],"about":[{"href":"https:\/\/cmsystemarq.com.br\/index.php?rest_route=\/wp\/v2\/types\/page"}],"author":[{"embeddable":true,"href":"https:\/\/cmsystemarq.com.br\/index.php?rest_route=\/wp\/v2\/users\/1"}],"replies":[{"embeddable":true,"href":"https:\/\/cmsystemarq.com.br\/index.php?rest_route=%2Fwp%2Fv2%2Fcomments&post=366"}],"version-history":[{"count":2,"href":"https:\/\/cmsystemarq.com.br\/index.php?rest_route=\/wp\/v2\/pages\/366\/revisions"}],"predecessor-version":[{"id":443,"href":"https:\/\/cmsystemarq.com.br\/index.php?rest_route=\/wp\/v2\/pages\/366\/revisions\/443"}],"wp:attachment":[{"href":"https:\/\/cmsystemarq.com.br\/index.php?rest_route=%2Fwp%2Fv2%2Fmedia&parent=366"}],"curies":[{"name":"wp","href":"https:\/\/api.w.org\/{rel}","templated":true}]}}